- k - 7 + 29. Let y be ((-9)/12)/((-1)/n). Let a be (y/(-4))/((-9)/(-12)). Let p(w) = w - 2. Give p(a).
-4
Suppose 0 = -c - 2*c. Let d(l) = 5*l - 6*l**2 + l**3 + c*l**3 + 2*l - 5. Suppose -n - 16 = -4*s, -2*s + s = -n - 1. What is d(s)?
5
Let u(i) = 2 - 6*i - 2*i + 12*i - 5*i. Give u(7).
-5
Let q(f) be the third derivative of 0*f - 1/360*f**6 - 2*f**2 + 1/120*f**5 + 0 - 1/24*f**4 + 1/3*f**3. Let j(z) be the first derivative of q(z). What is j(3)?
-7
Let i = 4 - 4. Suppose i = -2*s + 12 + 8. Suppose 0 = 2*q + 3*q + s. Let k(d) = 3*d**2 + 3*d + 3. What is k(q)?
9
Let m(d) = 7*d - 17*d**3 + 9*d**3 + 5*d**2 + 0 + 7*d**3 - 6. What is m(6)?
0
Let r = 7 + -3. Let x(h) = -2 - 2*h - 3*h**3 + 0*h**2 + 4*h**3 + 5 - 3*h**2. Give x(r).
11
Let y(k) = -5*k**2 - k + 1. Let w be y(1). Let a(h) = h. Let x(o) = 7*o + 1. Let b(m) = -6*a(m) + x(m). Give b(w).
-4
Suppose -5*o + 32 = -3*k, 5*o - 11 = 5*k + 29. Suppose -5*f - o*g + 0*g = 1, -3*f + 13 = -g. Suppose 5*p = f + 7. Let r(h) = 6*h - 1. Determine r(p).
11
Let x = 0 + 3. Let t(p) = 3 - 3*p - p + 0*p**2 + x*p**2. Let d be (-4)/(1 + -5) - -4 - 3. What is t(d)?
7
Let v(g) = g**2 + g - 10. Let q(p) = -p**2 + 2*p. Let a be q(0). Determine v(a).
-10
Let p(k) be the first derivative of -k**4/2 + k**3 - 2*k - 30. Determine p(2).
-6
Suppose 3*c = -21 + 3. Let x(l) = -l**3 + l + 1. Let i(s) = -s**3 + 6*s**2 + 2*s - 3. Let n(y) = -i(y) + 2*x(y). What is n(c)?
5
Let p(g) be the first derivative of g**6/360 - g**5/30 - 4*g**3/3 - 1. Let d(i) be the third derivative of p(i). What is d(3)?
-3
Let g(i) = -1 - 5 + 9*i - 8*i + 2. Let u = 12 + -7. What is g(u)?
1
Let j(d) = 3*d**2 - 6*d + 2. Let z(y) be the first derivative of -1/3*y**3 - 1 + 3/2*y**2 - y. Let v(f) = -2*j(f) - 5*z(f). What is v(-3)?
1
Let g = 3 - 2. Let q(o) = 6*o - 1. Let y be q(g). Let m(t) = t**3 - 2 + 3 - 4*t**2 - 4*t + 0. What is m(y)?
6
Let q(r) = 8*r + 2. Suppose -4*u + 9*u = 5*b - 10, -4*b = 0. What is q(u)?
-14
Let n(s) = -6*s**2 - 1 + 0 - 14*s**3 + 6*s**2. Calculate n(1).
-15
Suppose 5 = 4*v - 3*x, 2*x = 2*v + 3*x - 5. Let l(f) be the first derivative of -2*f**2 - 3 + 2*f + 2/3*f**3. What is l(v)?
2
Let z(q) = -54*q + 28*q + 29*q - 3. Give z(5).
12
Let l(p) = 4 + 19*p**2 + 6*p - 10*p**2 + 6*p - 10*p**2. Determine l(12).
4
Let m(w) = 5 - w + 0*w + 0. Determine m(-7).
12
Let u = -47 - -59. Let f(i) = -i**3 + 11*i**2 + 13*i - 15. Determine f(u).
-3
Let n = 16 - 10. Let p(o) = o - 2. Let c be p(2). Suppose -3*a = 4*d + n, 2*a + 2*d + 2 = -c*a. Let k(r) = -r**2 - r. Determine k(a).
-6
Suppose 4*h - 19 = 3*b - 2, -5*b = -h + 17. Let y(u) be the first derivative of u**2/2 + u + 1. Calculate y(h).
3
Let h(j) = -3*j**2 + 3 - 8*j + 4*j**2 + 5*j + 9*j. Give h(-3).
-6
Let w(j) = -j**3 + 4*j**2 + j. Let o(h) be the second derivative of h**5/20 + 7*h**4/12 + 2*h**2 - 4*h. Let d be o(-7). Give w(d).
4
Let j(m) be the second derivative of -1/2*m**2 + 5*m + 0 + 1/6*m**3. Calculate j(3).
2
Let x(i) = -4*i + 2. Let h be x(-6). Suppose 6 = 5*v + h. Let n(w) = -w - 5. Give n(v).
-1
Let g(q) be the second derivative of 7*q + 6*q**2 + 0 + 1/12*q**4 + 5/3*q**3. What is g(-8)?
-4
Let c(i) = i**3 + 4*i**2 - i. Suppose 7 = 2*x - 5*a, 0*x = -x + 4*a + 8. Calculate c(x).
4
Suppose -32 = 7*d - 3*d + k, 11 = d + 5*k. Let x(r) = r**3 + 9*r**2 + 2. What is x(d)?
2
Let g(h) = -h**2 + 10*h - 12. Let x = 9 - 11. Let l = 10 + x. Calculate g(l).
4
Let l = -26 + 18. Let x = 10 + l. Suppose x*c + 2*c + 5*n + 39 = 0, -5*c + 4*n - 18 = 0. Let o(v) = 2*v + 7. What is o(c)?
-5
Let o(a) = 11*a**2 - 26*a + 17. Let b(c) = 4*c**2 - 9*c + 6. Let h(l) = 8*b(l) - 3*o(l). What is h(4)?
5
Suppose 3*h = 5*h - 6, t + 3*h = 9. Let l(x) = 11*x**3 + 11*x - 3. Let n(s) = 5*s**3 + 5*s - 1. Let y(m) = 6*l(m) - 13*n(m). Calculate y(t).
-5
Let h be 14*1/(28/40). Let u(g) = h + 3*g**2 - 2*g**2 - 20. Determine u(1).
1
Let g(o) = o + 8 + o**2 + 10 + 2 - 21. Give g(-4).
11
Let m(l) be the second derivative of -l**6/120 - l**5/12 + 5*l**4/24 - l**3/3 + l**2/2 - 9*l. Let i(q) be the first derivative of m(q). Give i(-6).
4
Let l be 2 + -2*(-6)/4. Suppose -2*m = 2*s - 12, 0*m + 2*s = 5*m - 37. Let u(a) = -a**3 + m*a - 4*a**2 + 8*a**2 + 0*a**3 - 7. What is u(l)?
3
Let h be (-12)/5 + 8/20. Let l(n) = -2*n - 6. Let v be l(-4). Let t(f) = -v*f - f + f + 1. Calculate t(h).
5
Let o(q) = 3*q - 4. Let y be o(3). Let r(b) be the first derivative of 7*b - 8*b**2 - b + 6 - 9*b**2 + 16*b**2. Give r(y).
-4
Let k(h) = -10*h**3 + 2 - h + 5*h - 5*h**2 + 0 - 5*h. Let a(y) = 9*y**3 + 4*y**2 - 1. Let i(w) = -3*a(w) - 2*k(w). Calculate i(1).
-8
Suppose 0 = m - 3. Let i(x) = -2*x**m + 5*x**3 + 3*x**2 - 9*x**2 - 2*x**3. What is i(6)?
0
Suppose d = 4*d. Let h(t) = -t - t**2 + 2 + d + 0*t. Suppose 20*c - 14*c = 18. Calculate h(c).
-10
Let m(g) be the second derivative of -g**3/6 + g**2/2 - 2*g - 16. Let q(z) = 2*z. Let h be q(1). What is m(h)?
-1
Let k(r) be the second derivative of -r**3/2 + 2*r**2 - 5*r - 2. Calculate k(-8).
28
Let t be 2/((-2)/4*1). Let g(q) = -106*q - 5*q**2 + 51*q + 3 + 49*q - q**3 - 6. What is g(t)?
5
Let u(r) be the first derivative of r**7/210 + r**5/120 - r**4/24 + r**3/3 + 2. Let l(f) be the third derivative of u(f). Determine l(1).
4
Let n be 5/(-5) + -1 + 3. Let f(q) = q. Let h be f(3). Let z(a) = -h + 9*a**2 - 4*a**2 + 2. Calculate z(n).
4
Let a = -4 - -7. Let c be 1 - (2 - 4 - -1). Let b(g) = 2*g + 4*g**2 - g - 3*g**3 + c*g**a + g - 5. What is b(4)?
3
Let n = -7 + 12. Let q(c) = c**3 - 4 + 3*c + 0 + 0*c**3 + n*c**2. Calculate q(-4).
0
Suppose c - 2 = 2*c. Let t(j) = -5*j**2 + 2*j + 3. Calculate t(c).
-21
Suppose -1 - 4 = o. Let v(w) = w**3 - w**2 + w - 1. Let i(l) = -2*l**3 + 7*l**2 - 9*l - 1. Let c(r) = i(r) + 3*v(r). Determine c(o).
1
Suppose -7*r = -4*r - 12. Let g = r + -2. Let f(u) = u**3 - 3*u**2 + 10*u + 3. Let b(y) = -y**3 + 3*y**2 - 9*y - 2. Let i(j) = 6*b(j) + 5*f(j). Calculate i(g).
-1
Suppose 3*y = -2 + 5. Let r be (-1)/y + (-12)/(-2). Let j(i) = i**3 + i**2 - i + 1. Let d(f) = -7*f**3 + 2*f - 4. Let g(h) = -d(h) - 6*j(h). Calculate g(r).
-7
Let f(d) be the third derivative of d**4/24 - d**3/6 - 12*d**2. Calculate f(-8).
-9
Let s = -3 - -6. Let u(i) = -3*i - 6. Let a(d) = -3*d - 7. Let z(b) = s*a(b) - 4*u(b). Calculate z(-2).
-3
Let j = 16 + -10. Let z(u) = -2 - 5 + u - 9*u**2 + j. Calculate z(1).
-9
Suppose 0 = t + t - 4. Let l be (t/(-6))/((-1)/9). Let z(r) = -l*r - 3*r**2 + 0*r**2 - r**2 + r**2 - 1. Give z(-2).
-7
Let i(l) = -4*l**3 + 25*l**2 + 29*l + 33. Let k(m) = m**3 - 6*m**2 - 7*m - 8. Let d(v) = 2*i(v) + 9*k(v). Determine d(5).
-6
Let y(c) = 3*c - 12. Let s be y(6). Let h(r) = -r**2 + 5*r + 3. Determine h(s).
-3
Let z(a) = a**2 - a - 1. Suppose p + 2*x = 94, 2*x - 182 = -2*p + x. Suppose 2*s - p = -s. Suppose -5*h - 5*t - s = 0, -6*t + t - 24 = -h. What is z(h)?
1
Let k(r) = -r - 2. Let i(f) = -f**3 - 3*f**2 - f + 3. Let y be i(-3). Suppose -2*j = -0*j - y. Suppose -j*q = 5*w - 6*q, -w = 5*q. Give k(w).
-2
Let i(x) = -2 + 7 - 4*x + 5*x - 1. Suppose 3*g = -0*g - 15. Determine i(g).
-1
Let f(t) = -3*t**3 - t**2 - 2*t - 3. Let v(w) = w**3 + w - 1. Let z(i) = f(i) + 2*v(i). Let o be 15/(-4) + (-3)/12. Let b = -4 - o. Determine z(b).
-5
Let x(y) be the third derivative of y**4/24 - y**2. Suppose 5*d + 20 = 4*a, -d = 4*a + d - 20. Let z = a - 0. Give x(z).
5
Let y(k) = k + 11. Let s(a) = -3*a - 20. Let r(q) = -6*s(q) - 11*y(q). Give r(1).
6
Let g(k) be the third derivative of k**4/12 + k**3/2 + 16*k**2. Calculate g(-7).
-11
Let d(i) = i**3 + 5*i**2 + 2*i - 3. Let b be d(-3). Suppose -5*a + b = -6. Let q(l) = -5*l + l**a + 4 - 2 - l**2 + 1. What is q(3)?
6
Let r(b) be the third derivative of -b**2 - b**3 + 0*b + 1/24*b**4 + 0 - 1/120*b**6 + 1/10*b**5. Determine r(6).
0
Let q(g) = 5*g**3 + g - 1. Suppose -3 = 3*p - 6*p. Let x = p - -4. Suppose x*t + 4*a = 25, 5*t - 3*a = -5*a + 15. Calculate q(t).
5
Let k(x) = -3*x**2 - x**2 + 3*x**2 - 4*x. Let h = -3 + 2. Let w = -6 - h. Give k(w).
-5
Let r(a) = 2*a + 12. Let y be r(-9). Let h(v) = v**2 + 3*v - 6. Calculate h(y).
12
Let c(k) = k**3 + 4*k**2 + 2*k + 4. Let w be ((36/30)/(-1))/((-2)/(-5)). What is c(w)?
7
Let s(o) = 11*o - 2 - 3*o + 3 + 5*o. Give s(1).
14
Let w = 135 + -1615/12. Let k(u) be the second derivative of 2*u**2 + 0 - 1/20*u**5 - 5/6*u*